d be y(3). Calculate the remainder when l(d) is divided by 10.
7
Let a = 12 - -52. Calculate the remainder when 580 - (0 + (200/(-8))/(-5)) is divided by a.
63
Suppose -3*o + 4*o - 5 = 0, 0 = -r + 4*o - 18. Suppose 5*x = 4*t + 231, -r*t - 4 = -6*t. Suppose -l - 2*l = -552. What is the remainder when l is divided by x?
43
Let t be 4/48*11326 + 1/6. Suppose -2*i - 6*i = -t. Suppose -4*h + 133 = 13. What is the remainder when i is divided by h?
28
Let d(p) = -5*p**2 - 70*p - 73. What is the remainder when 1541 is divided by d(-12)?
37
Let t = -9392 - -9410. Calculate the remainder when 12544 is divided by t.
16
Suppose 4*f = -s + 55, -5*s + 88 = 5*f + 8. Let v(j) = -30*j - 32. Suppose -17*t + t = 64. What is the remainder when v(t) is divided by f?
10
What is the remainder when 3527 is divided by 576/42 - (-144)/504?
13
Suppose -30*o + 330 = -200 - 730. What is the remainder when 851 is divided by o?
11
Suppose 19 - 16 = 3*u. Suppose 4*d = -2*i - 4, -3*i + d - u = 6*d. What is the remainder when (-144)/(-5) + (-3)/(-15) is divided by i?
5
Let t = 7 + -4. Let z = 6201 + -6195. Calculate the remainder when z is divided by t.
0
Let y be (9/(-3)*1)/((-3)/(-2)). Let k be ((-5 - -1) + (-3 - y))*-6. Suppose 5*n = -4*o + 206, 4*n - 118 - k = o. What is the remainder when n is divided by 7?
3
Let a = 2588 - 1831. What is the remainder when a is divided by 376?
5
Let g be (-136)/(-4) + (6 - 4). Let p = -43 + g. Let x(t) = t**2 + 4*t - 3. What is the remainder when x(p) is divided by 7?
4
Let w = -11451 + 11569. Calculate the remainder when w is divided by 19.
4
Let l = -10912 + 10919. Calculate the remainder when 14720 is divided by l.
6
Suppose -327*l = -42*l - 3583 - 2117. Let p(d) = d + 9. Let r be p(-6). Suppose 5*b + r = 18. Calculate the remainder when l is divided by b.
2
Let i(w) = w**3 - 6*w**2 + 8*w - 5. Suppose 18 = 5*f + f. Suppose -f*v = -5*v + 74. What is the remainder when v is divided by i(5)?
7
Let f = -65 - -84. Let x = 61 - 57. What is the remainder when (-1)/(x - 1506/376) is divided by f?
17
Suppose -11*r + 5*r + 438 = 0. Let f(g) = -g + 17. Let p be f(7). Let q = 10 + p. What is the remainder when r is divided by q?
13
Suppose -340 - 3500 = -12*j. Suppose 14*s = 6*s + j. Suppose -5*g - 22 + 6 = -b, -2*b + 27 = -5*g. What is the remainder when s is divided by b?
7
Suppose -9*o - 5*o + 11200 = 0. Let a = o + -209. Suppose -217 - a = -8*t. Calculate the remainder when t is divided by 17.
16
Let u = 359 + -247. What is the remainder when 17 is divided by 656/u - (13/7 + -2)?
5
Suppose -116*z - 10 = -117*z. Suppose 2*c + 16 = z*c. Suppose 5*p = c*p + 282. What is the remainder when p is divided by 14?
10
Suppose -k - 87 = -4*p - 283, 4*p = -12. Suppose -53*l + 57*l = k. Calculate the remainder when 165 is divided by l.
27
Let r(s) = -2*s + 428. Calculate the remainder when r(35) is divided by 168.
22
Let y(m) = m**3 - 3*m**2 + 11*m - 18. Let v be y(2). What is the remainder when 1888/16 - (v - 6) is divided by 45?
34
Let y = -460 + 704. Let s = 412 + -329. What is the remainder when y is divided by s?
78
Suppose 2*i + 2*i = 3*k + 8, -k = 5*i - 10. Suppose -5*g + i + 13 = 0. Let r(h) = -h**2 + 71*h - 981. Calculate the remainder when r(52) is divided by g.
1
Suppose -4*v = 5*f + 149 - 798, -5*v + f + 833 = 0. What is the remainder when v is divided by 68?
30
Let t(b) = 12*b - 199. Suppose 6 = -3*u + 12. Let f = u - -27. Calculate the remainder when t(31) is divided by f.
28
Let j = -86 + 220. Suppose 41 + j = 7*y. Let s = -8 + 131. Calculate the remainder when s is divided by y.
23
Let f(t) = 2*t**2 - 4*t. Let q = 63 + -36. Let n = q - 21. Calculate the remainder when f(4) is divided by n.
4
Suppose 2*m - 5*n = 8915, -4*m - 12*n = -11*n - 17885. Calculate the remainder when m is divided by 263.
262
Suppose v = -i + 49, -2*i + 3*i - 3*v = 25. What is the remainder when 513 is divided by i?
40
Suppose -8 = 2*l + 2*g, -5*l = 2*g + 9 + 5. Let a be (l + -54)*14*(-4)/32. Let b = 117 - a. Calculate the remainder when 189 is divided by b.
18
Let g be 1 - 2 - 171/1. Let h = g - -266. What is the remainder when h is divided by 4/((-79)/395 + (-97)/(-10) + -9)?
6
Let l = -1587 - -1612. Calculate the remainder when 7398 is divided by l.
23
Let x = 42428 - 32178. What is the remainder when x is divided by 19?
9
Suppose x = -2*k - 54, -4*k + 4*x = 173 - 41. Let d = k - -22. What is the remainder when 34 is divided by 14/(-49) + 3*(-24)/d?
4
Let t = -544 + 546. What is the remainder when 172 is divided by (5/t)/(565/180 + -3)?
10
Suppose -104*z - 5*y = -103*z - 111, 468 = 4*z - 4*y. What is the remainder when 396 is divided by z?
48
Let t(s) = 5*s**3 + 126*s**2 - 6*s - 84. Calculate the remainder when t(-25) is divided by 5.
1
Let f = 5204 + -5110. What is the remainder when 362 is divided by f?
80
Suppose -2*a = -6*a + q + 2059, -a + 5*q + 491 = 0. Let m = a + -311. Calculate the remainder when m is divided by 13.
10
Let v = 25 - -407. Let m = 969 - v. Calculate the remainder when m is divided by 45.
42
Suppose -4 = -3*i - 22. What is the remainder when (-2)/(-15) + 5572/60 is divided by (i/(-3))/2 + 23?
21
Let c(y) = y**3 - 3*y**2 - y + 6. Let g be c(3). Suppose -g*d + 397 = -i, 4*i - 5*i - 129 = -d. What is the remainder when d is divided by 45?
44
Calculate the remainder when 185 is divided by (2 - 4)*(371/14)/(-1).
26
Let m(j) = 120*j**2 + 3*j - 2. Let w be m(1). Let f = w + -70. Let c(l) = l**3 + 7*l**2 - 4*l - 2. What is the remainder when f is divided by c(-7)?
25
Let w(c) = -2*c**3 - 23*c**2 + 26*c - 18. Suppose -4*u - 3*m = 40, -57 = 5*u - m + 12. Calculate the remainder when w(u) is divided by 78.
73
Calculate the remainder when 515 is divided by 35 - ((-663)/3)/(-13).
11
Let l(y) = -2*y**2 + 19 - 12 - 4. Let t be l(0). Suppose 8*b - 25 = t*b. What is the remainder when 7 is divided by b?
2
Let y be (1 + -3 - 1)*8. Suppose 6 = -0*a + 3*a, -3*c + 3*a = 0. What is the remainder when (y + 0)*((-56)/12 + c) is divided by 13?
12
Suppose 0 = n - 3*v - 147, -2*n = 2*v - 131 - 179. Suppose -32*y = -35*y + n. Suppose 4*m - y = m. What is the remainder when 220 is divided by m?
16
Let q(i) = -22*i + 94. Let n(o) = -23*o + 96. Let x(t) = 5*n(t) - 6*q(t). Calculate the remainder when x(9) is divided by 6*(4 - (1 + -1)).
21
Suppose -4*t = -24, 39*u - 38*u = -5*t + 46. What is the remainder when 2875 is divided by u?
11
Suppose 4*r = 2*x + 66, -20 = -23*r + 22*r + 4*x. What is the remainder when 158 is divided by r?
14
Suppose -6*z - 1274 = -3*u - z, u = z + 422. Suppose -10*a = -32*a + u. Calculate the remainder when 2 - -5*11 - 2 is divided by a.
17
Suppose 23*y - 22*y = p - 291, -p - 3*y + 311 = 0. Let n be ((-4)/(-6))/(6/1899). Let r = p - n. What is the remainder when r is divided by 43?
42
Let p(u) = u**3 - 15*u**2 - 14*u - 19. Let a be p(16). Suppose -2*g = -33 - a. What is the remainder when 66 is divided by g?
20
Let q(j) be the first derivative of j**2 + 21*j - 6. Let g be q(-11). What is the remainder when 39 is divided by (-45)/(-5) - 3/(g - 2)?
9
Let l(d) = 125*d + 468. What is the remainder when 476 is divided by l(0)?
8
Let n = 60 - 44. Suppose -6 = n*t - 18*t. What is the remainder when 66 + (t + 2)*21/(-35) is divided by 16?
15
Suppose -5645 = -20*i + 12695. What is the remainder when i is divided by 295?
32
Let g(x) = -70*x**2 - x**3 + 23*x + 23 + 45*x**2 + 2*x**3. Let t be g(24). What is the remainder when (-30)/5 + (3 - t) - -34 is divided by 9?
5
Suppose 9 = 4*m - 15. Let x(l) = l**2 - 5*l - 1. What is the remainder when 1152/336*(-5)/(160/(-56)) - -21 is divided by x(m)?
2
Let f(p) = p**2 - 9*p - 378. What is the remainder when f(-24) is divided by 37?
7
Let d(w) be the third derivative of w**4/3 - 14*w**3/3 - 60*w**2. Calculate the remainder when 51 is divided by d(6).
11
Let c(p) = 36*p**2 + 180*p - 31. Calculate the remainder when c(-6) is divided by 108.
77
Let t = -284 + 434. Suppose -2*w - 8 + t = 0. Suppose -4*j - 7*p = -12*p - 119, 4*p - 56 = -j. Calculate the remainder when w is divided by j.
35
Suppose 10608 = 47*p - 6500. Calculate the remainder when p is divided by 108.
40
Let a(r) = -r + 68. Let h(i) = -i - 138. Let w(l) = 15*a(l) + 6*h(l). Calculate the remainder when (-20)/(-6)*(-24)/(-10) is divided by w(9).
2
What 